= 5*d - 4*d - i. What is the tens digit of d?
2
Suppose 95 = -c - 0*c. Let g = 61 + c. Let m = -18 - g. What is the tens digit of m?
1
Let b = -4 - 6. Let w = 10 + b. Suppose -m + 8 = -u, w = 4*m + m + 3*u. What is the units digit of m?
3
Let s(o) = o**3 + 2*o**2 - 7*o + 6. Let p be s(-4). What is the units digit of (-2 + p - 10)*12/(-15)?
8
Let i(w) = 9*w**3 + 6*w**2 - 6*w. Let a(h) = h**3 + h**2 - h. Let g(l) = -5*a(l) + i(l). Let s be g(1). Suppose 0 = m - s*m + 27. What is the units digit of m?
9
Suppose 245 - 60 = 5*w. Suppose w = 4*q - 3*q. What is the tens digit of q?
3
Suppose 0 = 2*l, -2*l - 3 = -h + l. Suppose -2*d + 7 = -h*d. What is the tens digit of (97 + d)/(3/2)?
6
Let l = 60 + -42. Let a = 88 + l. What is the units digit of a?
6
Let w = -61 + 64. Suppose -4*j + 851 = -3*v, 5*j - w*v = -0*j + 1060. What is the tens digit of j?
0
Suppose 0 = -4*c + 13*c - 2610. What is the tens digit of c?
9
Let c(b) = -b**3 + 21*b**2 - 10*b + 113. What is the hundreds digit of c(11)?
2
What is the units digit of (35 + -39)*(-335)/4?
5
Let b(j) = -j + 19. Let t be b(19). Suppose t = 19*p - 21*p + 580. What is the tens digit of p?
9
Suppose 0 = 3*a + 4*j - 1163, a - j = -4*j + 391. What is the units digit of a?
5
Let f = -25 + 22. What is the units digit of ((-1160)/4)/(-2) - f?
8
Let o(n) = 3. Let p(q) = 2. Let t(x) = -3*o(x) + 4*p(x). Let m(h) = 7*h + 17. Let r(s) = -m(s) + 6*t(s). What is the units digit of r(-11)?
4
Let g = 1 + 5. Let t be 315/g - 4/8. Suppose 0*i + t = 4*i. What is the tens digit of i?
1
What is the units digit of (-7 + 3)/(-4) - (-670)/2?
6
Let u be -1 + 1/((-4)/8 + 1). Suppose t = 73 - u. What is the tens digit of t?
7
Let x(p) = 4*p + 4. Let j(w) = w**2 + 3*w - 2. Let a be j(-4). Let t be x(a). Let g = 46 - t. What is the units digit of g?
4
Suppose -v = 4*v. Suppose 18 = 5*w + 13. What is the units digit of v - w/(3 - 4)?
1
What is the units digit of -1*2/2 + (625 - -2)?
6
Let x = 18 + -16. Suppose -x*z + z + 77 = 3*r, -2*z + 119 = -r. Suppose -4*u + 22 = -z. What is the tens digit of u?
2
Let x(o) = 17*o**3 - o**2 - 6*o + 16. What is the tens digit of x(4)?
6
Let c be (4/(-2) - 0) + -90. Let f be (c/(-10))/((-2)/(-10)). Suppose -g - 3*g - 3*v = -108, -g + f = -4*v. What is the tens digit of g?
3
Suppose 4*d = -5*r - 0 + 70, d = 0. What is the tens digit of r?
1
What is the units digit of ((-616)/55)/((-2)/215)?
4
Suppose -16 = 3*s + x, 2*s + 3*x + x = -24. What is the tens digit of s + 25/10 - (-321)/6?
5
Let t = 1683 + -611. What is the thousands digit of t?
1
Suppose 0 = 11*c + 56 + 98. Suppose 4*w - 3*w = -6. Let u = w - c. What is the units digit of u?
8
Let d(k) = -k - 2. Let r be d(-14). Let b = 16 - r. Suppose b - 1 = t. What is the units digit of t?
3
Let w be -5 + 111 - (-1 + 0). Suppose -w = 2*i - 17. Let s = i - -80. What is the tens digit of s?
3
Let b = -1 + 4. Suppose z + 6 = f - b*z, 0 = 4*f - 4*z - 60. Suppose g = a - f, 3*a - 62 = -4*g + 5*g. What is the units digit of a?
2
Let z = -27 + 75. Suppose 0 = 8*m - 7*m - z. Let h = m - 30. What is the units digit of h?
8
Suppose 2*c - 3*z - 14 = 0, -3*z - 35 = -c - 4*c. Suppose -40 = -r - 2*p, -5*p = 2*r - 86 + c. What is the tens digit of r?
4
What is the units digit of (76722/60)/19 - 6/20?
7
Let f(y) = -13*y**3 - 21*y**2 - 22*y - 112. What is the thousands digit of f(-7)?
3
Let n be ((-2)/4)/(6/(-36)). Suppose -2*o = n*o + 50. What is the units digit of (-3 + (-34)/o)*15?
6
Suppose -2*l = -15 - 3. What is the units digit of -128*(l/6)/(-3)?
4
Suppose 3*o + 4*f = 4, 0 = o + 2*o + 2*f - 8. Suppose 4*b + o*s - 20 = 0, -4*b + 15 = -s - 0*s. Suppose 0*q + 96 = b*q. What is the tens digit of q?
2
Let r(o) = -o - 7. Let x be r(-5). Let n(y) = -6*y**3 - 5*y**3 + 10*y**3 + 3*y + 3*y**2. What is the units digit of n(x)?
4
Let d(z) = 3*z**2 - 10*z + 21. What is the units digit of d(3)?
8
Let p(r) = 2*r**2 + 7*r + 2. Let o be p(-3). What is the units digit of -2 - (o - (-1 + 69))?
7
What is the hundreds digit of (-16 - 4)/((-4)/472)?
3
What is the hundreds digit of -3133*(-6)/(-42)*-7?
1
Suppose -5168 = -5*j + 4*d, -700 = -j - 4*d + 348. What is the hundreds digit of j?
0
Let z be 3/5 + (-8)/(-20). Let a be 9 + z + (2 - 1). Suppose 29 = 5*t - a. What is the units digit of t?
8
What is the tens digit of (-2708)/(-6)*((-55)/(-22) + -1)?
7
Suppose -1 + 26 = 3*p + 2*t, 4*p + 4*t - 40 = 0. Suppose -p*y - 280 = -b, 0*y - y - 5*b = 82. Let r = y + 81. What is the units digit of r?
4
Let q be ((-4 - -8) + -4)/2. Let o(t) = t**3 - t**2 + 2*t + 3. Let z be o(q). Suppose -2*a + z = a. What is the units digit of a?
1
Let x(n) = n**2 + n + 76. Let p be x(0). Suppose d = v + v - p, -4*v - 5*d = -180. Suppose -v = -4*y + 80. What is the units digit of y?
0
Suppose -4*m + 3670 - 198 = 0. What is the units digit of m?
8
Suppose -5*g + 3130 = -2*y, 34*y - 3135 = -5*g + 37*y. What is the units digit of g?
4
Let r(d) = -7*d**2 - 17*d - 18. Let i(f) = 20*f**2 + 50*f + 53. Let u(v) = -6*i(v) - 17*r(v). Let y be u(-6). What is the tens digit of (-2076)/(-108) - 4/y?
1
Suppose -17*o = -2*q - 14*o + 2379, 0 = -2*q - 5*o + 2403. What is the hundreds digit of q?
1
Suppose -5*r + 4225 = -5*g, 2*r = 4*r - 5*g - 1699. What is the tens digit of r?
4
Let u be (-1744)/144 - 1/(-9). What is the units digit of (3/u)/(3/(-564))?
7
What is the hundreds digit of 917 + (-2 - (-9)/3)?
9
Suppose -3*k + 10 = 2*k, 4*k = r. Suppose 12*s - r*s - 952 = 0. What is the units digit of s?
8
Suppose 45*p + 17876 = 4*q + 41*p, -2*q + 8973 = 5*p. What is the tens digit of q?
7
Let a(d) = 2*d**3 + 148*d**2 - 17*d - 170. What is the units digit of a(-74)?
8
What is the units digit of 4/(-16) + (-10665)/(-20)?
3
What is the tens digit of ((-210)/24 + 6)*-48?
3
Let n be (-50)/(-4)*(-4)/(-2). Let o be (8/(-200)*-5)/(1/115). Suppose 90 = -o*l + n*l. What is the tens digit of l?
4
Let m(s) = 3*s + 1. Let l = -12 + 12. Let u be (-30)/(-5) + l + -1. What is the units digit of m(u)?
6
Let b(r) = -5*r. Let w(y) = 154*y. Let h(d) = 140*b(d) + 5*w(d). What is the tens digit of h(3)?
1
Suppose u + 4 = 0, -2*v - 15*u + 796 = -11*u. What is the tens digit of v?
0
Suppose o + 3 = z - 0*o, -4*o - 8 = -2*z. Suppose b - z*a - 147 = 0, -5*a + 45 = b - 137. What is the units digit of b?
7
Let l be ((-3)/6)/(8/(-4592)). Suppose n = -n - 3*i + 108, i + l = 5*n. What is the tens digit of n?
5
What is the units digit of (2 + 1518/18)/((-5)/(-210))?
6
Let k = 206 - 63. Let d = 215 - k. What is the units digit of d?
2
What is the units digit of 4336/40 - -9 - 4/10?
7
What is the thousands digit of (5819 - -35) + 2*-4?
5
Let c = 7304 - 4799. What is the units digit of c?
5
Let q = -126 - -318. Suppose -3*n - q = -3*z, 5*n - 100 = -2*z + 56. What is the units digit of z?
8
Let o be ((-13)/(-3))/(1/15). Let d = o - 13. Suppose -d + 12 = -5*p. What is the units digit of p?
8
Suppose 14 + 16 = -3*p + 3*n, -3*n - 34 = 5*p. Let v be 7/(21/6) + 10 + -1. What is the units digit of v + 3/((-12)/p)?
3
Let u(c) be the third derivative of -c**4/12 - c**3/2 - 2*c**2. Suppose 5*a + v + 23 = 0, 0 = 4*a - 2*v - 10 + 34. What is the units digit of u(a)?
7
Let m(l) = -2*l**3 - 3*l**2 + 9*l + 2. What is the tens digit of m(-6)?
7
Let j be 3 + -4 - (-2 - 0). What is the units digit of (10/(-5) + 84)/j?
2
Let c(k) = 112*k**2 - 6*k - 15. What is the thousands digit of c(-4)?
1
What is the units digit of (-4310)/(-50) + (-8)/(-10)?
7
Let p(v) = 6*v + 4. Let s be p(-3). Let b be ((-8)/(-7))/(s/(-49)). Suppose -r - r = b*x - 50, x - 2*r = 0. What is the units digit of x?
0
Let p = 835 - -227. Suppose 9*s - 1530 - p = 0. What is the units digit of s?
8
Let h(y) = -3*y - 7. Let f(p) = -p - 1. Let z(o) = -2*f(o) + h(o). What is the units digit of z(-13)?
8
Let d(o) = 3*o**3 - 26*o**2 + 10*o - 65. What is the tens digit of d(13)?
6
Let n(c) = -c**3 + 8*c**2 - 8*c + 6. Let x be n(7). Let k(a) = -10*a**2 + 11*a**2 + a + 15*a**2. What is the tens digit of k(x)?
1
Suppose -3*u = 3, t + 6 = -2*u + 319. Let s = 6 - 2. Suppose -s*q + t = q. What is the units digit of q?
3
Let x = -184 + 268. Let m = x - 40. What is the tens digit of m?
4
Suppose 3*d = j + 131, 5*j + 45 = 5*d - 160. What is the tens digit of d + 3 + -6 + 3?
4
Let f = -8 - -595. What is the units digit of f?
7
Supp